{"version":"1.0","provider_name":"SINPRF\/SC","provider_url":"https:\/\/sinprfsc.org.br\/site","author_name":"ge57a0_@","author_url":"https:\/\/sinprfsc.org.br\/site\/author\/ge57a0_\/","title":"SINPRF\/SC convoca sindicalizados para Assembleias Gerais - SINPRF\/SC","type":"rich","width":600,"height":338,"html":"<blockquote class=\"wp-embedded-content\" data-secret=\"fZG8FPOB7m\"><a href=\"https:\/\/sinprfsc.org.br\/site\/sinprf-sc-convoca-sindicalizados-para-assembleias-gerais\/\">SINPRF\/SC convoca sindicalizados para Assembleias Gerais<\/a><\/blockquote><iframe sandbox=\"allow-scripts\" security=\"restricted\" src=\"https:\/\/sinprfsc.org.br\/site\/sinprf-sc-convoca-sindicalizados-para-assembleias-gerais\/embed\/#?secret=fZG8FPOB7m\" width=\"600\" height=\"338\" title=\"&#8220;SINPRF\/SC convoca sindicalizados para Assembleias Gerais&#8221; &#8212; SINPRF\/SC\" data-secret=\"fZG8FPOB7m\" frameborder=\"0\" marginwidth=\"0\" marginheight=\"0\" scrolling=\"no\" class=\"wp-embedded-content\"><\/iframe><script>\n\/*! This file is auto-generated *\/\n!function(d,l){\"use strict\";l.querySelector&&d.addEventListener&&\"undefined\"!=typeof URL&&(d.wp=d.wp||{},d.wp.receiveEmbedMessage||(d.wp.receiveEmbedMessage=function(e){var t=e.data;if((t||t.secret||t.message||t.value)&&!\/[^a-zA-Z0-9]\/.test(t.secret)){for(var s,r,n,a=l.querySelectorAll('iframe[data-secret=\"'+t.secret+'\"]'),o=l.querySelectorAll('blockquote[data-secret=\"'+t.secret+'\"]'),c=new RegExp(\"^https?:$\",\"i\"),i=0;i<o.length;i++)o[i].style.display=\"none\";for(i=0;i<a.length;i++)s=a[i],e.source===s.contentWindow&&(s.removeAttribute(\"style\"),\"height\"===t.message?(1e3<(r=parseInt(t.value,10))?r=1e3:~~r<200&&(r=200),s.height=r):\"link\"===t.message&&(r=new URL(s.getAttribute(\"src\")),n=new URL(t.value),c.test(n.protocol))&&n.host===r.host&&l.activeElement===s&&(d.top.location.href=t.value))}},d.addEventListener(\"message\",d.wp.receiveEmbedMessage,!1),l.addEventListener(\"DOMContentLoaded\",function(){for(var e,t,s=l.querySelectorAll(\"iframe.wp-embedded-content\"),r=0;r<s.length;r++)(t=(e=s[r]).getAttribute(\"data-secret\"))||(t=Math.random().toString(36).substring(2,12),e.src+=\"#?secret=\"+t,e.setAttribute(\"data-secret\",t)),e.contentWindow.postMessage({message:\"ready\",secret:t},\"*\")},!1)))}(window,document);\n\/\/# sourceURL=https:\/\/sinprfsc.org.br\/site\/wp-includes\/js\/wp-embed.min.js\n<\/script>\n","thumbnail_url":"https:\/\/sinprfsc.org.br\/site\/wp-content\/uploads\/2025\/02\/icone-assembleia.png","thumbnail_width":1080,"thumbnail_height":1080,"description":"O SINPRF\/SC realizar\u00e1, no pr\u00f3ximo dia 17 de mar\u00e7o, a Assembleia Geral Ordin\u00e1ria e a Assembleia Geral Extraordin\u00e1ria, com participa\u00e7\u00e3o presencial na sede do sindicato, em S\u00e3o Jos\u00e9, e tamb\u00e9m por videoconfer\u00eancia. A Assembleia Geral Ordin\u00e1ria ocorrer\u00e1 \u00e0s 9h (primeira chamada) e \u00e0s 9h30 (segunda chamada), com a pauta voltada \u00e0 aprecia\u00e7\u00e3o da presta\u00e7\u00e3o de contas do exerc\u00edcio de 2025 e \u00e0 aprova\u00e7\u00e3o da previs\u00e3o or\u00e7ament\u00e1ria para 2026. Na sequ\u00eancia, ser\u00e1 realizada a Assembleia Geral Extraordin\u00e1ria, \u00e0s 10h (primeira chamada) e \u00e0s 10h30 (segunda chamada), para tratar de temas importantes para a categoria, como os desdobramentos da PEC 18, o Fundo de Combate \u00e0s Organiza\u00e7\u00f5es Criminosas (FUNCOC) e outros assuntos de interesse da categoria. O link para a participa\u00e7\u00e3o on-line ser\u00e1 disponibilizado instantes antes do in\u00edcio das assembleias. A participa\u00e7\u00e3o dos sindicalizados \u00e9 fundamental. \u00c9 nas assembleias que os filiados acompanham as a\u00e7\u00f5es do sindicato, discutem pautas importantes e participam das decis\u00f5es que impactam diretamente a categoria. Quanto maior o envolvimento dos sindicalizados, mais forte e representativo se torna o trabalho do sindicato. Confira os editais abaixo."}

O SINPRF/SC realizará, no próximo dia 17 de março, a Assembleia Geral Ordinária e a Assembleia Geral Extraordinária, com participação presencial na sede do sindicato, em São José, e também por videoconferência. A Assembleia Geral Ordinária ocorrerá às 9h (primeira chamada) e às 9h30 (segunda chamada), com a pauta voltada à apreciação da prestação de contas do exercício de 2025 e à aprovação da previsão orçamentária para 2026. Na sequência, será realizada a Assembleia Geral Extraordinária, às 10h (primeira chamada) e às 10h30 (segunda chamada), para tratar de temas importantes para a categoria, como os desdobramentos da PEC 18, o Fundo de Combate às Organizações Criminosas (FUNCOC) e outros assuntos de interesse da categoria. O link para a participação on-line será disponibilizado instantes antes do início das assembleias. A participação dos sindicalizados é fundamental. É nas assembleias que os filiados acompanham as ações do sindicato, discutem pautas importantes e participam das decisões que impactam diretamente a categoria. Quanto maior o envolvimento dos sindicalizados, mais forte e representativo se torna o trabalho do sindicato. Confira os editais abaixo.
