{"id":864,"date":"2024-12-02T00:23:25","date_gmt":"2024-12-02T00:23:25","guid":{"rendered":"https:\/\/sinprfsc.org.br\/site\/?page_id=864"},"modified":"2024-12-16T22:05:43","modified_gmt":"2024-12-16T22:05:43","slug":"contato","status":"publish","type":"page","link":"https:\/\/sinprfsc.org.br\/site\/contato\/","title":{"rendered":"Contato"},"content":{"rendered":"\t\t<div data-elementor-type=\"wp-page\" data-elementor-id=\"864\" class=\"elementor elementor-864\">\n\t\t\t\t<div class=\"elementor-element elementor-element-7d83f357 e-flex e-con-boxed wpr-particle-no wpr-jarallax-no wpr-parallax-no wpr-sticky-section-no wpr-equal-height-no e-con e-parent\" data-id=\"7d83f357\" data-element_type=\"container\" data-e-type=\"container\" data-settings=\"{&quot;background_background&quot;:&quot;classic&quot;}\">\n\t\t\t\t\t<div class=\"e-con-inner\">\n\t\t<div class=\"elementor-element elementor-element-1e720af3 e-con-full e-flex wpr-particle-no wpr-jarallax-no wpr-parallax-no wpr-sticky-section-no wpr-equal-height-no e-con e-child\" data-id=\"1e720af3\" data-element_type=\"container\" data-e-type=\"container\">\n\t\t\t\t<div class=\"elementor-element elementor-element-29d4dc6d elementor-widget elementor-widget-image\" data-id=\"29d4dc6d\" data-element_type=\"widget\" data-e-type=\"widget\" data-widget_type=\"image.default\">\n\t\t\t\t<div class=\"elementor-widget-container\">\n\t\t\t\t\t\t\t\t\t\t\t\t\t\t\t<img decoding=\"async\" src=\"https:\/\/sinprfsc.org.br\/site\/wp-content\/uploads\/elementor\/thumbs\/Icone_Azul-qx7rvwofknuq674kza1x3nvaol0rh18bq875t5ao28.png\" title=\"Icone_Azul\" alt=\"Icone_Azul\" loading=\"lazy\" \/>\t\t\t\t\t\t\t\t\t\t\t\t\t\t\t<\/div>\n\t\t\t\t<\/div>\n\t\t\t\t<\/div>\n\t\t<div class=\"elementor-element elementor-element-62b58d34 e-con-full e-flex wpr-particle-no wpr-jarallax-no wpr-parallax-no wpr-sticky-section-no wpr-equal-height-no e-con e-child\" data-id=\"62b58d34\" data-element_type=\"container\" data-e-type=\"container\">\n\t\t\t\t<div class=\"elementor-element elementor-element-7378d246 elementor-widget elementor-widget-heading\" data-id=\"7378d246\" data-element_type=\"widget\" data-e-type=\"widget\" data-widget_type=\"heading.default\">\n\t\t\t\t<div class=\"elementor-widget-container\">\n\t\t\t\t\t<h1 class=\"elementor-heading-title elementor-size-default\">CONTATO<\/h1>\t\t\t\t<\/div>\n\t\t\t\t<\/div>\n\t\t\t\t<\/div>\n\t\t\t\t\t<\/div>\n\t\t\t\t<\/div>\n\t\t<div class=\"elementor-element elementor-element-6744497a e-flex e-con-boxed wpr-particle-no wpr-jarallax-no wpr-parallax-no wpr-sticky-section-no wpr-equal-height-no e-con e-parent\" data-id=\"6744497a\" data-element_type=\"container\" data-e-type=\"container\" data-settings=\"{&quot;background_background&quot;:&quot;classic&quot;}\">\n\t\t\t\t\t<div class=\"e-con-inner\">\n\t\t\t\t<div class=\"elementor-element elementor-element-34777654 elementor-widget elementor-widget-text-editor\" data-id=\"34777654\" data-element_type=\"widget\" data-e-type=\"widget\" data-widget_type=\"text-editor.default\">\n\t\t\t\t<div class=\"elementor-widget-container\">\n\t\t\t\t\t\t\t\t\t<p>R. Ant\u00f4nio Basil Schroeder, 63 &#8211; Barreiros, S\u00e3o Jos\u00e9 &#8211; SC, 88110-400<br \/>Telefone: (48) 3346-4292<\/p>\t\t\t\t\t\t\t\t<\/div>\n\t\t\t\t<\/div>\n\t\t\t\t\t<\/div>\n\t\t\t\t<\/div>\n\t\t<div class=\"elementor-element elementor-element-4c7d426e e-flex e-con-boxed wpr-particle-no wpr-jarallax-no wpr-parallax-no wpr-sticky-section-no wpr-equal-height-no e-con e-parent\" data-id=\"4c7d426e\" data-element_type=\"container\" data-e-type=\"container\" data-settings=\"{&quot;background_background&quot;:&quot;video&quot;}\">\n\t\t\t\t\t<div class=\"e-con-inner\">\n\t\t\t\t<div class=\"elementor-element elementor-element-71becd7d elementor-widget elementor-widget-wpforms\" data-id=\"71becd7d\" data-element_type=\"widget\" data-e-type=\"widget\" data-widget_type=\"wpforms.default\">\n\t\t\t\t<div class=\"elementor-widget-container\">\n\t\t\t\t\t<style id=\"wpforms-css-vars-elementor-widget-71becd7d\">\n\t\t\t\t.elementor-widget-wpforms.elementor-element-71becd7d {\n\t\t\t\t--wpforms-field-size-input-height: 50px;\n--wpforms-field-size-input-spacing: 20px;\n--wpforms-field-size-font-size: 18px;\n--wpforms-field-size-line-height: 21px;\n--wpforms-field-size-padding-h: 14px;\n--wpforms-field-size-checkbox-size: 18px;\n--wpforms-field-size-sublabel-spacing: 10px;\n--wpforms-field-size-icon-size: 1.25;\n\t\t\t}\n\t\t\t<\/style><div class=\"wpforms-container wpforms-container-full wpforms-render-modern\" id=\"wpforms-711\"><form id=\"wpforms-form-711\" class=\"wpforms-validate wpforms-form wpforms-ajax-form\" data-formid=\"711\" method=\"post\" enctype=\"multipart\/form-data\" action=\"\/site\/wp-json\/wp\/v2\/pages\/864\" data-token=\"277b305bf338be5cd1871287caeab3c5\" data-token-time=\"1776962811\"><noscript class=\"wpforms-error-noscript\">Ative o JavaScript no seu navegador para preencher este formul\u00e1rio.<\/noscript><div id=\"wpforms-error-noscript\" style=\"display: none;\">Ative o JavaScript no seu navegador para preencher este formul\u00e1rio.<\/div><div class=\"wpforms-field-container\"><div id=\"wpforms-711-field_4-container\" class=\"wpforms-field wpforms-field-text\" data-field-id=\"4\"><label class=\"wpforms-field-label\" for=\"wpforms-711-field_4\">Nome completo<\/label><input type=\"text\" id=\"wpforms-711-field_4\" class=\"wpforms-field-large\" name=\"wpforms[fields][4]\" aria-errormessage=\"wpforms-711-field_4-error\" ><\/div><div id=\"wpforms-711-field_2-container\" class=\"wpforms-field wpforms-field-email\" data-field-id=\"2\"><label class=\"wpforms-field-label\" for=\"wpforms-711-field_2\">E-mail <span class=\"wpforms-required-label\" aria-hidden=\"true\">*<\/span><\/label><input type=\"email\" id=\"wpforms-711-field_2\" class=\"wpforms-field-medium wpforms-field-required\" name=\"wpforms[fields][2]\" spellcheck=\"false\" aria-errormessage=\"wpforms-711-field_2-error\" required><\/div><div id=\"wpforms-711-field_5-container\" class=\"wpforms-field wpforms-field-text\" data-field-id=\"5\"><label class=\"wpforms-field-label\" for=\"wpforms-711-field_5\">Telefone\/Whatsapp<\/label><input type=\"text\" id=\"wpforms-711-field_5\" class=\"wpforms-field-medium\" name=\"wpforms[fields][5]\" aria-errormessage=\"wpforms-711-field_5-error\" ><\/div>\t\t<div id=\"wpforms-711-field_1-container\"\n\t\t\tclass=\"wpforms-field wpforms-field-text\"\n\t\t\tdata-field-type=\"text\"\n\t\t\tdata-field-id=\"1\"\n\t\t\t>\n\t\t\t<label class=\"wpforms-field-label\" for=\"wpforms-711-field_1\" >Assunto E-mail Coment\u00e1rio<\/label>\n\t\t\t<input type=\"text\" id=\"wpforms-711-field_1\" class=\"wpforms-field-medium\" name=\"wpforms[fields][1]\" >\n\t\t<\/div>\n\t\t<div id=\"wpforms-711-field_6-container\" class=\"wpforms-field wpforms-field-text\" data-field-id=\"6\"><label class=\"wpforms-field-label\" for=\"wpforms-711-field_6\">Assunto<\/label><input type=\"text\" id=\"wpforms-711-field_6\" class=\"wpforms-field-medium\" name=\"wpforms[fields][6]\" aria-errormessage=\"wpforms-711-field_6-error\" ><\/div><div id=\"wpforms-711-field_3-container\" class=\"wpforms-field wpforms-field-textarea\" data-field-id=\"3\"><label class=\"wpforms-field-label\" for=\"wpforms-711-field_3\">Coment\u00e1rio ou Mensagem<\/label><textarea id=\"wpforms-711-field_3\" class=\"wpforms-field-medium\" name=\"wpforms[fields][3]\" aria-errormessage=\"wpforms-711-field_3-error\" ><\/textarea><\/div><script>\n\t\t\t\t( function() {\n\t\t\t\t\tconst style = document.createElement( 'style' );\n\t\t\t\t\tstyle.appendChild( document.createTextNode( '#wpforms-711-field_1-container { position: absolute !important; overflow: hidden !important; display: inline !important; height: 1px !important; width: 1px !important; z-index: -1000 !important; padding: 0 !important; } #wpforms-711-field_1-container input { visibility: hidden; } #wpforms-conversational-form-page #wpforms-711-field_1-container label { counter-increment: none; }' ) );\n\t\t\t\t\tdocument.head.appendChild( style );\n\t\t\t\t\tdocument.currentScript?.remove();\n\t\t\t\t} )();\n\t\t\t<\/script><\/div><!-- .wpforms-field-container --><div class=\"wpforms-submit-container\" ><input type=\"hidden\" name=\"wpforms[id]\" value=\"711\"><input type=\"hidden\" name=\"page_title\" value=\"\"><input type=\"hidden\" name=\"page_url\" value=\"https:\/\/sinprfsc.org.br\/site\/wp-json\/wp\/v2\/pages\/864\"><input type=\"hidden\" name=\"url_referer\" value=\"\"><button type=\"submit\" name=\"wpforms[submit]\" id=\"wpforms-submit-711\" class=\"wpforms-submit\" data-alt-text=\"Enviando\u2026\" data-submit-text=\"Enviar\" aria-live=\"assertive\" value=\"wpforms-submit\">Enviar<\/button><img decoding=\"async\" src=\"https:\/\/sinprfsc.org.br\/site\/wp-content\/plugins\/wpforms-lite\/assets\/images\/submit-spin.svg\" class=\"wpforms-submit-spinner\" style=\"display: none;\" width=\"26\" height=\"26\" alt=\"Carregando\"><\/div><\/form><\/div>  <!-- .wpforms-container -->\t\t\t\t<\/div>\n\t\t\t\t<\/div>\n\t\t\t\t\t<\/div>\n\t\t\t\t<\/div>\n\t\t\t\t<\/div>\n\t\t","protected":false},"excerpt":{"rendered":"<p>CONTATO R. Ant\u00f4nio Basil Schroeder, 63 &#8211; Barreiros, S\u00e3o Jos\u00e9 &#8211; SC, 88110-400Telefone: (48) 3346-4292 Ative o JavaScript no seu navegador para preencher este formul\u00e1rio.Ative o JavaScript no seu navegador para preencher este formul\u00e1rio.Nome completoE-mail *Telefone\/WhatsappAssuntoComent\u00e1rio ou Mensagem Enviar<\/p>\n","protected":false},"author":2,"featured_media":0,"parent":0,"menu_order":0,"comment_status":"closed","ping_status":"closed","template":"elementor_canvas","meta":{"nf_dc_page":"","footnotes":""},"class_list":["post-864","page","type-page","status-publish","hentry"],"yoast_head":"<!-- This site is optimized with the Yoast SEO plugin v27.4 - https:\/\/yoast.com\/product\/yoast-seo-wordpress\/ -->\n<title>Contato - SINPRF\/SC<\/title>\n<meta name=\"robots\" content=\"index, follow, max-snippet:-1, max-image-preview:large, max-video-preview:-1\" \/>\n<link rel=\"canonical\" href=\"https:\/\/sinprfsc.org.br\/site\/contato\/\" \/>\n<meta property=\"og:locale\" content=\"pt_BR\" \/>\n<meta property=\"og:type\" content=\"article\" \/>\n<meta property=\"og:title\" content=\"Contato - SINPRF\/SC\" \/>\n<meta property=\"og:description\" content=\"CONTATO R. Ant\u00f4nio Basil Schroeder, 63 &#8211; Barreiros, S\u00e3o Jos\u00e9 &#8211; SC, 88110-400Telefone: (48) 3346-4292 Ative o JavaScript no seu navegador para preencher este formul\u00e1rio.Ative o JavaScript no seu navegador para preencher este formul\u00e1rio.Nome completoE-mail *Telefone\/WhatsappAssuntoComent\u00e1rio ou Mensagem Enviar\" \/>\n<meta property=\"og:url\" content=\"https:\/\/sinprfsc.org.br\/site\/contato\/\" \/>\n<meta property=\"og:site_name\" content=\"SINPRF\/SC\" \/>\n<meta property=\"article:modified_time\" content=\"2024-12-16T22:05:43+00:00\" \/>\n<meta property=\"og:image\" content=\"https:\/\/sinprfsc.org.br\/site\/wp-content\/uploads\/elementor\/thumbs\/Icone_Azul-qx7rvwofknuq674kza1x3nvaol0rh18bq875t5ao28.png\" \/>\n<meta name=\"twitter:card\" content=\"summary_large_image\" \/>\n<meta name=\"twitter:label1\" content=\"Est. tempo de leitura\" \/>\n\t<meta name=\"twitter:data1\" content=\"1 minuto\" \/>\n<script type=\"application\/ld+json\" class=\"yoast-schema-graph\">{\"@context\":\"https:\\\/\\\/schema.org\",\"@graph\":[{\"@type\":\"WebPage\",\"@id\":\"https:\\\/\\\/sinprfsc.org.br\\\/site\\\/contato\\\/\",\"url\":\"https:\\\/\\\/sinprfsc.org.br\\\/site\\\/contato\\\/\",\"name\":\"Contato - SINPRF\\\/SC\",\"isPartOf\":{\"@id\":\"https:\\\/\\\/sinprfsc.org.br\\\/site\\\/#website\"},\"primaryImageOfPage\":{\"@id\":\"https:\\\/\\\/sinprfsc.org.br\\\/site\\\/contato\\\/#primaryimage\"},\"image\":{\"@id\":\"https:\\\/\\\/sinprfsc.org.br\\\/site\\\/contato\\\/#primaryimage\"},\"thumbnailUrl\":\"https:\\\/\\\/sinprfsc.org.br\\\/site\\\/wp-content\\\/uploads\\\/elementor\\\/thumbs\\\/Icone_Azul-qx7rvwofknuq674kza1x3nvaol0rh18bq875t5ao28.png\",\"datePublished\":\"2024-12-02T00:23:25+00:00\",\"dateModified\":\"2024-12-16T22:05:43+00:00\",\"breadcrumb\":{\"@id\":\"https:\\\/\\\/sinprfsc.org.br\\\/site\\\/contato\\\/#breadcrumb\"},\"inLanguage\":\"pt-BR\",\"potentialAction\":[{\"@type\":\"ReadAction\",\"target\":[\"https:\\\/\\\/sinprfsc.org.br\\\/site\\\/contato\\\/\"]}]},{\"@type\":\"ImageObject\",\"inLanguage\":\"pt-BR\",\"@id\":\"https:\\\/\\\/sinprfsc.org.br\\\/site\\\/contato\\\/#primaryimage\",\"url\":\"https:\\\/\\\/sinprfsc.org.br\\\/site\\\/wp-content\\\/uploads\\\/elementor\\\/thumbs\\\/Icone_Azul-qx7rvwofknuq674kza1x3nvaol0rh18bq875t5ao28.png\",\"contentUrl\":\"https:\\\/\\\/sinprfsc.org.br\\\/site\\\/wp-content\\\/uploads\\\/elementor\\\/thumbs\\\/Icone_Azul-qx7rvwofknuq674kza1x3nvaol0rh18bq875t5ao28.png\"},{\"@type\":\"BreadcrumbList\",\"@id\":\"https:\\\/\\\/sinprfsc.org.br\\\/site\\\/contato\\\/#breadcrumb\",\"itemListElement\":[{\"@type\":\"ListItem\",\"position\":1,\"name\":\"Home\",\"item\":\"https:\\\/\\\/sinprfsc.org.br\\\/site\\\/\"},{\"@type\":\"ListItem\",\"position\":2,\"name\":\"Contato\"}]},{\"@type\":\"WebSite\",\"@id\":\"https:\\\/\\\/sinprfsc.org.br\\\/site\\\/#website\",\"url\":\"https:\\\/\\\/sinprfsc.org.br\\\/site\\\/\",\"name\":\"SINPRF\\\/SC\",\"description\":\"\",\"publisher\":{\"@id\":\"https:\\\/\\\/sinprfsc.org.br\\\/site\\\/#organization\"},\"potentialAction\":[{\"@type\":\"SearchAction\",\"target\":{\"@type\":\"EntryPoint\",\"urlTemplate\":\"https:\\\/\\\/sinprfsc.org.br\\\/site\\\/?s={search_term_string}\"},\"query-input\":{\"@type\":\"PropertyValueSpecification\",\"valueRequired\":true,\"valueName\":\"search_term_string\"}}],\"inLanguage\":\"pt-BR\"},{\"@type\":\"Organization\",\"@id\":\"https:\\\/\\\/sinprfsc.org.br\\\/site\\\/#organization\",\"name\":\"SINPRF\\\/SC\",\"url\":\"https:\\\/\\\/sinprfsc.org.br\\\/site\\\/\",\"logo\":{\"@type\":\"ImageObject\",\"inLanguage\":\"pt-BR\",\"@id\":\"https:\\\/\\\/sinprfsc.org.br\\\/site\\\/#\\\/schema\\\/logo\\\/image\\\/\",\"url\":\"https:\\\/\\\/sinprfsc.org.br\\\/site\\\/wp-content\\\/uploads\\\/2024\\\/11\\\/LogoSite_a.png\",\"contentUrl\":\"https:\\\/\\\/sinprfsc.org.br\\\/site\\\/wp-content\\\/uploads\\\/2024\\\/11\\\/LogoSite_a.png\",\"width\":500,\"height\":228,\"caption\":\"SINPRF\\\/SC\"},\"image\":{\"@id\":\"https:\\\/\\\/sinprfsc.org.br\\\/site\\\/#\\\/schema\\\/logo\\\/image\\\/\"}}]}<\/script>\n<!-- \/ Yoast SEO plugin. -->","yoast_head_json":{"title":"Contato - SINPRF\/SC","robots":{"index":"index","follow":"follow","max-snippet":"max-snippet:-1","max-image-preview":"max-image-preview:large","max-video-preview":"max-video-preview:-1"},"canonical":"https:\/\/sinprfsc.org.br\/site\/contato\/","og_locale":"pt_BR","og_type":"article","og_title":"Contato - SINPRF\/SC","og_description":"CONTATO R. Ant\u00f4nio Basil Schroeder, 63 &#8211; Barreiros, S\u00e3o Jos\u00e9 &#8211; SC, 88110-400Telefone: (48) 3346-4292 Ative o JavaScript no seu navegador para preencher este formul\u00e1rio.Ative o JavaScript no seu navegador para preencher este formul\u00e1rio.Nome completoE-mail *Telefone\/WhatsappAssuntoComent\u00e1rio ou Mensagem Enviar","og_url":"https:\/\/sinprfsc.org.br\/site\/contato\/","og_site_name":"SINPRF\/SC","article_modified_time":"2024-12-16T22:05:43+00:00","og_image":[{"url":"https:\/\/sinprfsc.org.br\/site\/wp-content\/uploads\/elementor\/thumbs\/Icone_Azul-qx7rvwofknuq674kza1x3nvaol0rh18bq875t5ao28.png","type":"","width":"","height":""}],"twitter_card":"summary_large_image","twitter_misc":{"Est. tempo de leitura":"1 minuto"},"schema":{"@context":"https:\/\/schema.org","@graph":[{"@type":"WebPage","@id":"https:\/\/sinprfsc.org.br\/site\/contato\/","url":"https:\/\/sinprfsc.org.br\/site\/contato\/","name":"Contato - SINPRF\/SC","isPartOf":{"@id":"https:\/\/sinprfsc.org.br\/site\/#website"},"primaryImageOfPage":{"@id":"https:\/\/sinprfsc.org.br\/site\/contato\/#primaryimage"},"image":{"@id":"https:\/\/sinprfsc.org.br\/site\/contato\/#primaryimage"},"thumbnailUrl":"https:\/\/sinprfsc.org.br\/site\/wp-content\/uploads\/elementor\/thumbs\/Icone_Azul-qx7rvwofknuq674kza1x3nvaol0rh18bq875t5ao28.png","datePublished":"2024-12-02T00:23:25+00:00","dateModified":"2024-12-16T22:05:43+00:00","breadcrumb":{"@id":"https:\/\/sinprfsc.org.br\/site\/contato\/#breadcrumb"},"inLanguage":"pt-BR","potentialAction":[{"@type":"ReadAction","target":["https:\/\/sinprfsc.org.br\/site\/contato\/"]}]},{"@type":"ImageObject","inLanguage":"pt-BR","@id":"https:\/\/sinprfsc.org.br\/site\/contato\/#primaryimage","url":"https:\/\/sinprfsc.org.br\/site\/wp-content\/uploads\/elementor\/thumbs\/Icone_Azul-qx7rvwofknuq674kza1x3nvaol0rh18bq875t5ao28.png","contentUrl":"https:\/\/sinprfsc.org.br\/site\/wp-content\/uploads\/elementor\/thumbs\/Icone_Azul-qx7rvwofknuq674kza1x3nvaol0rh18bq875t5ao28.png"},{"@type":"BreadcrumbList","@id":"https:\/\/sinprfsc.org.br\/site\/contato\/#breadcrumb","itemListElement":[{"@type":"ListItem","position":1,"name":"Home","item":"https:\/\/sinprfsc.org.br\/site\/"},{"@type":"ListItem","position":2,"name":"Contato"}]},{"@type":"WebSite","@id":"https:\/\/sinprfsc.org.br\/site\/#website","url":"https:\/\/sinprfsc.org.br\/site\/","name":"SINPRF\/SC","description":"","publisher":{"@id":"https:\/\/sinprfsc.org.br\/site\/#organization"},"potentialAction":[{"@type":"SearchAction","target":{"@type":"EntryPoint","urlTemplate":"https:\/\/sinprfsc.org.br\/site\/?s={search_term_string}"},"query-input":{"@type":"PropertyValueSpecification","valueRequired":true,"valueName":"search_term_string"}}],"inLanguage":"pt-BR"},{"@type":"Organization","@id":"https:\/\/sinprfsc.org.br\/site\/#organization","name":"SINPRF\/SC","url":"https:\/\/sinprfsc.org.br\/site\/","logo":{"@type":"ImageObject","inLanguage":"pt-BR","@id":"https:\/\/sinprfsc.org.br\/site\/#\/schema\/logo\/image\/","url":"https:\/\/sinprfsc.org.br\/site\/wp-content\/uploads\/2024\/11\/LogoSite_a.png","contentUrl":"https:\/\/sinprfsc.org.br\/site\/wp-content\/uploads\/2024\/11\/LogoSite_a.png","width":500,"height":228,"caption":"SINPRF\/SC"},"image":{"@id":"https:\/\/sinprfsc.org.br\/site\/#\/schema\/logo\/image\/"}}]}},"_links":{"self":[{"href":"https:\/\/sinprfsc.org.br\/site\/wp-json\/wp\/v2\/pages\/864","targetHints":{"allow":["GET"]}}],"collection":[{"href":"https:\/\/sinprfsc.org.br\/site\/wp-json\/wp\/v2\/pages"}],"about":[{"href":"https:\/\/sinprfsc.org.br\/site\/wp-json\/wp\/v2\/types\/page"}],"author":[{"embeddable":true,"href":"https:\/\/sinprfsc.org.br\/site\/wp-json\/wp\/v2\/users\/2"}],"replies":[{"embeddable":true,"href":"https:\/\/sinprfsc.org.br\/site\/wp-json\/wp\/v2\/comments?post=864"}],"version-history":[{"count":5,"href":"https:\/\/sinprfsc.org.br\/site\/wp-json\/wp\/v2\/pages\/864\/revisions"}],"predecessor-version":[{"id":1846,"href":"https:\/\/sinprfsc.org.br\/site\/wp-json\/wp\/v2\/pages\/864\/revisions\/1846"}],"wp:attachment":[{"href":"https:\/\/sinprfsc.org.br\/site\/wp-json\/wp\/v2\/media?parent=864"}],"curies":[{"name":"wp","href":"https:\/\/api.w.org\/{rel}","templated":true}]}}